{"id":1265,"date":"2022-05-11T13:37:01","date_gmt":"2022-05-11T13:37:01","guid":{"rendered":"https:\/\/challenge-montpellier.com\/?page_id=1265"},"modified":"2022-05-11T14:01:10","modified_gmt":"2022-05-11T14:01:10","slug":"programme-du-challenge-montpellier","status":"publish","type":"page","link":"https:\/\/challenge-montpellier.com\/fr\/programme-du-challenge-montpellier\/","title":{"rendered":"Programme du Challenge Montpellier"},"content":{"rendered":"<div class=\"wpb-content-wrapper\">[vc_row el_class=\u00a0\u00bbtime-schedule\u00a0\u00bb][vc_column][mk_table title=\u00a0\u00bbVendredi 5 Mai 2023&Prime;]\n<table width=\"100%\">\n<thead>\n<tr>\n<th>Horaire<\/th>\n<th>Agenda<\/th>\n<th>Lieu<\/th>\n<\/tr>\n<\/thead>\n<tbody>\n<tr>\n<td width=\"118\">10h &#8211; 19h<\/td>\n<td width=\"455\">Village Expo<\/td>\n<td width=\"244\">Zenith Sud Montpellier<\/td>\n<\/tr>\n<tr>\n<td width=\"118\">10h &#8211; 19h<\/td>\n<td width=\"455\">Retrait des dossards<\/td>\n<td width=\"244\">Zenith Sud Montpellier<\/td>\n<\/tr>\n<\/tbody>\n<\/table>\n[\/mk_table][\/vc_column][\/vc_row][vc_row el_class=\u00a0\u00bbtime-schedule\u00a0\u00bb][vc_column][mk_table title=\u00a0\u00bbSamedi 6 Mai 2023&Prime;]\n<table style=\"width: 100%;height: 264px\" width=\"100%\">\n<thead>\n<tr style=\"height: 24px\">\n<th style=\"height: 24px;width: 17.2598%\">Horaire<\/th>\n<th style=\"height: 24px;width: 50%\">Agenda<\/th>\n<th style=\"height: 24px;width: 30.9609%\">Lieu<\/th>\n<\/tr>\n<\/thead>\n<tbody>\n<tr style=\"height: 24px\">\n<td style=\"height: 24px;width: 17.2598%\" width=\"118\">10h &#8211; 19h<\/td>\n<td style=\"height: 24px;width: 50%\" width=\"455\">Village Expo<\/td>\n<td style=\"height: 24px;width: 30.9609%\" width=\"244\">Zenith Sud Montpellier<\/td>\n<\/tr>\n<tr style=\"height: 24px\">\n<td style=\"height: 24px;width: 17.2598%\" width=\"118\">10h &#8211; 19h<\/td>\n<td style=\"height: 24px;width: 50%\" width=\"455\">Retrait des dossards<\/td>\n<td style=\"height: 24px;width: 30.9609%\" width=\"244\">Zenith Sud Montpellier<\/td>\n<\/tr>\n<tr style=\"height: 48px\">\n<td style=\"height: 48px;width: 17.2598%\" width=\"118\">10h &#8211; 18h<\/td>\n<td style=\"height: 48px;width: 50%\" width=\"455\">D\u00e9p\u00f4t des v\u00e9los<\/td>\n<td style=\"height: 48px;width: 30.9609%\" width=\"244\">Transition 1, Villeneuve-l\u00e8s-Maguelone<\/td>\n<\/tr>\n<tr style=\"height: 48px\">\n<td style=\"height: 48px;width: 17.2598%\" width=\"118\">10h &#8211; 18h<\/td>\n<td style=\"height: 48px;width: 50%\" width=\"455\">D\u00e9p\u00f4t des sac de course \u00e0 pied<\/td>\n<td style=\"height: 48px;width: 30.9609%\" width=\"244\">Transition 2, Zenith Sud Montpellier<\/td>\n<\/tr>\n<tr style=\"height: 24px\">\n<td style=\"height: 24px;width: 17.2598%\" width=\"118\">18h30<\/td>\n<td style=\"height: 24px;width: 50%\" width=\"455\">Briefing pro<\/td>\n<td style=\"height: 24px;width: 30.9609%\" width=\"244\">Zenith Sud Montpellier<\/td>\n<\/tr>\n<\/tbody>\n<\/table>\n[\/mk_table][\/vc_column][\/vc_row][vc_row el_class=\u00a0\u00bbtime-schedule\u00a0\u00bb][vc_column][mk_table title=\u00a0\u00bbDimanche 7 Mai 2023&Prime;]\n<table style=\"width: 100%\" width=\"100%\">\n<thead>\n<tr>\n<th style=\"width: 15.6584%\">Horaire<\/th>\n<th style=\"width: 51.2456%\">Agenda<\/th>\n<th style=\"width: 31.3167%\">Lieu<\/th>\n<\/tr>\n<\/thead>\n<tbody>\n<tr>\n<td style=\"width: 15.6584%\" width=\"118\">6h30<\/td>\n<td style=\"width: 51.2456%\" width=\"455\">D\u00e9part pro hommes \/ Long Distance<\/td>\n<td style=\"width: 31.3167%\" width=\"244\">Plage du Prevost, Villenueve-l\u00e8s-Maguelone<\/td>\n<\/tr>\n<tr>\n<td style=\"width: 15.6584%\" width=\"118\">6h35<\/td>\n<td style=\"width: 51.2456%\" width=\"455\">D\u00e9part pro femmes \/ Long Distance<\/td>\n<td style=\"width: 31.3167%\" width=\"244\">Plage du Prevost, Villenueve-l\u00e8s-Maguelone<\/td>\n<\/tr>\n<tr>\n<td style=\"width: 15.6584%\" width=\"118\">6h40<\/td>\n<td style=\"width: 51.2456%\" width=\"455\">D\u00e9part mass-start classe d&rsquo;ages \/ Long Distance<\/td>\n<td style=\"width: 31.3167%\" width=\"244\">Plage du Prevost, Villenueve-l\u00e8s-Maguelone<\/td>\n<\/tr>\n<tr>\n<td style=\"width: 15.6584%\" width=\"118\">8h30<\/td>\n<td style=\"width: 51.2456%\" width=\"455\">D\u00e9part mass-start classe d&rsquo;ages \/ Middle Distance<\/td>\n<td style=\"width: 31.3167%\" width=\"244\">Plage du Prevost, Villenueve-l\u00e8s-Maguelone<\/td>\n<\/tr>\n<\/tbody>\n<\/table>\n[\/mk_table][\/vc_column][\/vc_row]\n<\/div>","protected":false},"excerpt":{"rendered":"<p>[vc_row el_class=\u00a0\u00bbtime-schedule\u00a0\u00bb][vc_column][mk_table title=\u00a0\u00bbVendredi 5 Mai 2023&Prime;] Horaire Agenda Lieu 10h &#8211; 19h Village Expo Zenith Sud Montpellier 10h &#8211; 19h Retrait des dossards Zenith Sud Montpellier [\/mk_table][\/vc_column][\/vc_row][vc_row el_class=\u00a0\u00bbtime-schedule\u00a0\u00bb][vc_column][mk_table title=\u00a0\u00bbSamedi 6 Mai 2023&Prime;] Horaire Agenda Lieu 10h &#8211; 19h Village Expo Zenith Sud Montpellier 10h &#8211; 19h Retrait des dossards Zenith Sud Montpellier 10h &#8211; 18h [&hellip;]<\/p>\n","protected":false},"author":141,"featured_media":0,"parent":0,"menu_order":0,"comment_status":"closed","ping_status":"closed","template":"","meta":{"footnotes":""},"class_list":["post-1265","page","type-page","status-publish","hentry"],"yoast_head":"<!-- This site is optimized with the Yoast SEO plugin v25.6 - https:\/\/yoast.com\/wordpress\/plugins\/seo\/ -->\n<title>Programme du Challenge Montpellier - Challenge Montpellier<\/title>\n<meta name=\"robots\" content=\"index, follow, max-snippet:-1, max-image-preview:large, max-video-preview:-1\" \/>\n<link rel=\"canonical\" href=\"https:\/\/challenge-montpellier.com\/fr\/programme-du-challenge-montpellier\/\" \/>\n<meta property=\"og:locale\" content=\"fr_FR\" \/>\n<meta property=\"og:type\" content=\"article\" \/>\n<meta property=\"og:title\" content=\"Programme du Challenge Montpellier - Challenge Montpellier\" \/>\n<meta property=\"og:description\" content=\"[vc_row el_class=\u00a0\u00bbtime-schedule\u00a0\u00bb][vc_column][mk_table title=\u00a0\u00bbVendredi 5 Mai 2023&Prime;] Horaire Agenda Lieu 10h &#8211; 19h Village Expo Zenith Sud Montpellier 10h &#8211; 19h Retrait des dossards Zenith Sud Montpellier [\/mk_table][\/vc_column][\/vc_row][vc_row el_class=\u00a0\u00bbtime-schedule\u00a0\u00bb][vc_column][mk_table title=\u00a0\u00bbSamedi 6 Mai 2023&Prime;] Horaire Agenda Lieu 10h &#8211; 19h Village Expo Zenith Sud Montpellier 10h &#8211; 19h Retrait des dossards Zenith Sud Montpellier 10h &#8211; 18h [&hellip;]\" \/>\n<meta property=\"og:url\" content=\"https:\/\/challenge-montpellier.com\/fr\/programme-du-challenge-montpellier\/\" \/>\n<meta property=\"og:site_name\" content=\"Challenge Montpellier\" \/>\n<meta property=\"article:modified_time\" content=\"2022-05-11T14:01:10+00:00\" \/>\n<meta name=\"twitter:card\" content=\"summary_large_image\" \/>\n<meta name=\"twitter:label1\" content=\"Dur\u00e9e de lecture estim\u00e9e\" \/>\n\t<meta name=\"twitter:data1\" content=\"1 minute\" \/>\n<script type=\"application\/ld+json\" class=\"yoast-schema-graph\">{\"@context\":\"https:\/\/schema.org\",\"@graph\":[{\"@type\":\"WebPage\",\"@id\":\"https:\/\/challenge-montpellier.com\/fr\/programme-du-challenge-montpellier\/\",\"url\":\"https:\/\/challenge-montpellier.com\/fr\/programme-du-challenge-montpellier\/\",\"name\":\"Programme du Challenge Montpellier - Challenge Montpellier\",\"isPartOf\":{\"@id\":\"https:\/\/challenge-montpellier.com\/#website\"},\"datePublished\":\"2022-05-11T13:37:01+00:00\",\"dateModified\":\"2022-05-11T14:01:10+00:00\",\"breadcrumb\":{\"@id\":\"https:\/\/challenge-montpellier.com\/fr\/programme-du-challenge-montpellier\/#breadcrumb\"},\"inLanguage\":\"fr-FR\",\"potentialAction\":[{\"@type\":\"ReadAction\",\"target\":[\"https:\/\/challenge-montpellier.com\/fr\/programme-du-challenge-montpellier\/\"]}]},{\"@type\":\"BreadcrumbList\",\"@id\":\"https:\/\/challenge-montpellier.com\/fr\/programme-du-challenge-montpellier\/#breadcrumb\",\"itemListElement\":[{\"@type\":\"ListItem\",\"position\":1,\"name\":\"Home\",\"item\":\"https:\/\/challenge-montpellier.com\/fr\/\"},{\"@type\":\"ListItem\",\"position\":2,\"name\":\"Programme du Challenge Montpellier\"}]},{\"@type\":\"WebSite\",\"@id\":\"https:\/\/challenge-montpellier.com\/#website\",\"url\":\"https:\/\/challenge-montpellier.com\/\",\"name\":\"Challenge Montpellier\",\"description\":\"We are triathlon\",\"potentialAction\":[{\"@type\":\"SearchAction\",\"target\":{\"@type\":\"EntryPoint\",\"urlTemplate\":\"https:\/\/challenge-montpellier.com\/?s={search_term_string}\"},\"query-input\":{\"@type\":\"PropertyValueSpecification\",\"valueRequired\":true,\"valueName\":\"search_term_string\"}}],\"inLanguage\":\"fr-FR\"}]}<\/script>\n<!-- \/ Yoast SEO plugin. -->","yoast_head_json":{"title":"Programme du Challenge Montpellier - Challenge Montpellier","robots":{"index":"index","follow":"follow","max-snippet":"max-snippet:-1","max-image-preview":"max-image-preview:large","max-video-preview":"max-video-preview:-1"},"canonical":"https:\/\/challenge-montpellier.com\/fr\/programme-du-challenge-montpellier\/","og_locale":"fr_FR","og_type":"article","og_title":"Programme du Challenge Montpellier - Challenge Montpellier","og_description":"[vc_row el_class=\u00a0\u00bbtime-schedule\u00a0\u00bb][vc_column][mk_table title=\u00a0\u00bbVendredi 5 Mai 2023&Prime;] Horaire Agenda Lieu 10h &#8211; 19h Village Expo Zenith Sud Montpellier 10h &#8211; 19h Retrait des dossards Zenith Sud Montpellier [\/mk_table][\/vc_column][\/vc_row][vc_row el_class=\u00a0\u00bbtime-schedule\u00a0\u00bb][vc_column][mk_table title=\u00a0\u00bbSamedi 6 Mai 2023&Prime;] Horaire Agenda Lieu 10h &#8211; 19h Village Expo Zenith Sud Montpellier 10h &#8211; 19h Retrait des dossards Zenith Sud Montpellier 10h &#8211; 18h [&hellip;]","og_url":"https:\/\/challenge-montpellier.com\/fr\/programme-du-challenge-montpellier\/","og_site_name":"Challenge Montpellier","article_modified_time":"2022-05-11T14:01:10+00:00","twitter_card":"summary_large_image","twitter_misc":{"Dur\u00e9e de lecture estim\u00e9e":"1 minute"},"schema":{"@context":"https:\/\/schema.org","@graph":[{"@type":"WebPage","@id":"https:\/\/challenge-montpellier.com\/fr\/programme-du-challenge-montpellier\/","url":"https:\/\/challenge-montpellier.com\/fr\/programme-du-challenge-montpellier\/","name":"Programme du Challenge Montpellier - Challenge Montpellier","isPartOf":{"@id":"https:\/\/challenge-montpellier.com\/#website"},"datePublished":"2022-05-11T13:37:01+00:00","dateModified":"2022-05-11T14:01:10+00:00","breadcrumb":{"@id":"https:\/\/challenge-montpellier.com\/fr\/programme-du-challenge-montpellier\/#breadcrumb"},"inLanguage":"fr-FR","potentialAction":[{"@type":"ReadAction","target":["https:\/\/challenge-montpellier.com\/fr\/programme-du-challenge-montpellier\/"]}]},{"@type":"BreadcrumbList","@id":"https:\/\/challenge-montpellier.com\/fr\/programme-du-challenge-montpellier\/#breadcrumb","itemListElement":[{"@type":"ListItem","position":1,"name":"Home","item":"https:\/\/challenge-montpellier.com\/fr\/"},{"@type":"ListItem","position":2,"name":"Programme du Challenge Montpellier"}]},{"@type":"WebSite","@id":"https:\/\/challenge-montpellier.com\/#website","url":"https:\/\/challenge-montpellier.com\/","name":"Challenge Montpellier","description":"We are triathlon","potentialAction":[{"@type":"SearchAction","target":{"@type":"EntryPoint","urlTemplate":"https:\/\/challenge-montpellier.com\/?s={search_term_string}"},"query-input":{"@type":"PropertyValueSpecification","valueRequired":true,"valueName":"search_term_string"}}],"inLanguage":"fr-FR"}]}},"_links":{"self":[{"href":"https:\/\/challenge-montpellier.com\/fr\/wp-json\/wp\/v2\/pages\/1265"}],"collection":[{"href":"https:\/\/challenge-montpellier.com\/fr\/wp-json\/wp\/v2\/pages"}],"about":[{"href":"https:\/\/challenge-montpellier.com\/fr\/wp-json\/wp\/v2\/types\/page"}],"author":[{"embeddable":true,"href":"https:\/\/challenge-montpellier.com\/fr\/wp-json\/wp\/v2\/users\/141"}],"replies":[{"embeddable":true,"href":"https:\/\/challenge-montpellier.com\/fr\/wp-json\/wp\/v2\/comments?post=1265"}],"version-history":[{"count":1,"href":"https:\/\/challenge-montpellier.com\/fr\/wp-json\/wp\/v2\/pages\/1265\/revisions"}],"predecessor-version":[{"id":1266,"href":"https:\/\/challenge-montpellier.com\/fr\/wp-json\/wp\/v2\/pages\/1265\/revisions\/1266"}],"wp:attachment":[{"href":"https:\/\/challenge-montpellier.com\/fr\/wp-json\/wp\/v2\/media?parent=1265"}],"curies":[{"name":"wp","href":"https:\/\/api.w.org\/{rel}","templated":true}]}}

<div class="wpb-content-wrapper">[vc_row el_class= »time-schedule »][vc_column][mk_table title= »Vendredi 5 Mai 2023&Prime;]
<table width="100%">
<thead>
<tr>
<th>Horaire</th>
<th>Agenda</th>
<th>Lieu</th>
</tr>
</thead>
<tbody>
<tr>
<td width="118">10h &#8211; 19h</td>
<td width="455">Village Expo</td>
<td width="244">Zenith Sud Montpellier</td>
</tr>
<tr>
<td width="118">10h &#8211; 19h</td>
<td width="455">Retrait des dossards</td>
<td width="244">Zenith Sud Montpellier</td>
</tr>
</tbody>
</table>
[/mk_table][/vc_column][/vc_row][vc_row el_class= »time-schedule »][vc_column][mk_table title= »Samedi 6 Mai 2023&Prime;]
<table style="width: 100%;height: 264px" width="100%">
<thead>
<tr style="height: 24px">
<th style="height: 24px;width: 17.2598%">Horaire</th>
<th style="height: 24px;width: 50%">Agenda</th>
<th style="height: 24px;width: 30.9609%">Lieu</th>
</tr>
</thead>
<tbody>
<tr style="height: 24px">
<td style="height: 24px;width: 17.2598%" width="118">10h &#8211; 19h</td>
<td style="height: 24px;width: 50%" width="455">Village Expo</td>
<td style="height: 24px;width: 30.9609%" width="244">Zenith Sud Montpellier</td>
</tr>
<tr style="height: 24px">
<td style="height: 24px;width: 17.2598%" width="118">10h &#8211; 19h</td>
<td style="height: 24px;width: 50%" width="455">Retrait des dossards</td>
<td style="height: 24px;width: 30.9609%" width="244">Zenith Sud Montpellier</td>
</tr>
<tr style="height: 48px">
<td style="height: 48px;width: 17.2598%" width="118">10h &#8211; 18h</td>
<td style="height: 48px;width: 50%" width="455">Dépôt des vélos</td>
<td style="height: 48px;width: 30.9609%" width="244">Transition 1, Villeneuve-lès-Maguelone</td>
</tr>
<tr style="height: 48px">
<td style="height: 48px;width: 17.2598%" width="118">10h &#8211; 18h</td>
<td style="height: 48px;width: 50%" width="455">Dépôt des sac de course à pied</td>
<td style="height: 48px;width: 30.9609%" width="244">Transition 2, Zenith Sud Montpellier</td>
</tr>
<tr style="height: 24px">
<td style="height: 24px;width: 17.2598%" width="118">18h30</td>
<td style="height: 24px;width: 50%" width="455">Briefing pro</td>
<td style="height: 24px;width: 30.9609%" width="244">Zenith Sud Montpellier</td>
</tr>
</tbody>
</table>
[/mk_table][/vc_column][/vc_row][vc_row el_class= »time-schedule »][vc_column][mk_table title= »Dimanche 7 Mai 2023&Prime;]
<table style="width: 100%" width="100%">
<thead>
<tr>
<th style="width: 15.6584%">Horaire</th>
<th style="width: 51.2456%">Agenda</th>
<th style="width: 31.3167%">Lieu</th>
</tr>
</thead>
<tbody>
<tr>
<td style="width: 15.6584%" width="118">6h30</td>
<td style="width: 51.2456%" width="455">Départ pro hommes / Long Distance</td>
<td style="width: 31.3167%" width="244">Plage du Prevost, Villenueve-lès-Maguelone</td>
</tr>
<tr>
<td style="width: 15.6584%" width="118">6h35</td>
<td style="width: 51.2456%" width="455">Départ pro femmes / Long Distance</td>
<td style="width: 31.3167%" width="244">Plage du Prevost, Villenueve-lès-Maguelone</td>
</tr>
<tr>
<td style="width: 15.6584%" width="118">6h40</td>
<td style="width: 51.2456%" width="455">Départ mass-start classe d&rsquo;ages / Long Distance</td>
<td style="width: 31.3167%" width="244">Plage du Prevost, Villenueve-lès-Maguelone</td>
</tr>
<tr>
<td style="width: 15.6584%" width="118">8h30</td>
<td style="width: 51.2456%" width="455">Départ mass-start classe d&rsquo;ages / Middle Distance</td>
<td style="width: 31.3167%" width="244">Plage du Prevost, Villenueve-lès-Maguelone</td>
</tr>
</tbody>
</table>
[/mk_table][/vc_column][/vc_row]
</div>

<!-- This site is optimized with the Yoast SEO plugin v25.6 - https://yoast.com/wordpress/plugins/seo/ -->
<title>Programme du Challenge Montpellier - Challenge Montpellier</title>
<meta name="robots" content="index, follow, max-snippet:-1, max-image-preview:large, max-video-preview:-1" />
<link rel="canonical" href="https://challenge-montpellier.com/fr/programme-du-challenge-montpellier/" />
<meta property="og:locale" content="fr_FR" />
<meta property="og:type" content="article" />
<meta property="og:title" content="Programme du Challenge Montpellier - Challenge Montpellier" />
<meta property="og:description" content="[vc_row el_class= »time-schedule »][vc_column][mk_table title= »Vendredi 5 Mai 2023&Prime;] Horaire Agenda Lieu 10h &#8211; 19h Village Expo Zenith Sud Montpellier 10h &#8211; 19h Retrait des dossards Zenith Sud Montpellier [/mk_table][/vc_column][/vc_row][vc_row el_class= »time-schedule »][vc_column][mk_table title= »Samedi 6 Mai 2023&Prime;] Horaire Agenda Lieu 10h &#8211; 19h Village Expo Zenith Sud Montpellier 10h &#8211; 19h Retrait des dossards Zenith Sud Montpellier 10h &#8211; 18h [&hellip;]" />
<meta property="og:url" content="https://challenge-montpellier.com/fr/programme-du-challenge-montpellier/" />
<meta property="og:site_name" content="Challenge Montpellier" />
<meta property="article:modified_time" content="2022-05-11T14:01:10+00:00" />
<meta name="twitter:card" content="summary_large_image" />
<meta name="twitter:label1" content="Durée de lecture estimée" />
	<meta name="twitter:data1" content="1 minute" />
<script type="application/ld+json" class="yoast-schema-graph">{"@context":"https://schema.org","@graph":[{"@type":"WebPage","@id":"https://challenge-montpellier.com/fr/programme-du-challenge-montpellier/","url":"https://challenge-montpellier.com/fr/programme-du-challenge-montpellier/","name":"Programme du Challenge Montpellier - Challenge Montpellier","isPartOf":{"@id":"https://challenge-montpellier.com/#website"},"datePublished":"2022-05-11T13:37:01+00:00","dateModified":"2022-05-11T14:01:10+00:00","breadcrumb":{"@id":"https://challenge-montpellier.com/fr/programme-du-challenge-montpellier/#breadcrumb"},"inLanguage":"fr-FR","potentialAction":[{"@type":"ReadAction","target":["https://challenge-montpellier.com/fr/programme-du-challenge-montpellier/"]}]},{"@type":"BreadcrumbList","@id":"https://challenge-montpellier.com/fr/programme-du-challenge-montpellier/#breadcrumb","itemListElement":[{"@type":"ListItem","position":1,"name":"Home","item":"https://challenge-montpellier.com/fr/"},{"@type":"ListItem","position":2,"name":"Programme du Challenge Montpellier"}]},{"@type":"WebSite","@id":"https://challenge-montpellier.com/#website","url":"https://challenge-montpellier.com/","name":"Challenge Montpellier","description":"We are triathlon","potentialAction":[{"@type":"SearchAction","target":{"@type":"EntryPoint","urlTemplate":"https://challenge-montpellier.com/?s={search_term_string}"},"query-input":{"@type":"PropertyValueSpecification","valueRequired":true,"valueName":"search_term_string"}}],"inLanguage":"fr-FR"}]}</script>
<!-- / Yoast SEO plugin. -->
